
4
Calculate the remainder when 1215686 is divided by 363.
362
What is the remainder when 3575883 is divided by 3960?
3
What is the remainder when 8210177 is divided by 3568?
209
Calculate the remainder when 4772980 is divided by 6.
4
Calculate the remainder when 353535 is divided by 176757.
21
What is the remainder when 1549537 is divided by 3917?
2322
Calculate the remainder when 5893411 is divided by 4626.
4513
Calculate the remainder when 16905770 is divided by 3140.
10
What is the remainder when 6400009 is divided by 2974?
2935
Calculate the remainder when 16711492 is divided by 676.
96
Calculate the remainder when 156099 is divided by 155022.
1077
Calculate the remainder when 443151 is divided by 3786.
189
What is the remainder when 291714 is divided by 1181?
7
What is the remainder when 310474 is divided by 31044?
34
Calculate the remainder when 1206859 is divided by 54857.
5
Calculate the remainder when 32329713 is divided by 1682.
1673
Calculate the remainder when 162659 is divided by 2711.
2710
What is the remainder when 258216 is divided by 19843?
257
Calculate the remainder when 3709065 is divided by 1512.
129
What is the remainder when 219149 is divided by 117?
8
What is the remainder when 94414 is divided by 650?
164
Calculate the remainder when 6718580 is divided by 1041.
1007
What is the remainder when 16042395 is divided by 966?
33
Calculate the remainder when 2360745 is divided by 198.
189
Calculate the remainder when 1705635 is divided by 67.
16
Calculate the remainder when 944957 is divided by 21476.
13
Calculate the remainder when 892118 is divided by 92.
86
Calculate the remainder when 23831 is divided by 5534.
1695
Calculate the remainder when 707699 is divided by 711.
254
Calculate the remainder when 147530 is divided by 7.
5
What is the remainder when 7179727 is divided by 5570?
5567
Calculate the remainder when 26007247 is divided by 7.
0
Calculate the remainder when 382619 is divided by 17358.
743
What is the remainder when 1025488 is divided by 205096?
8
What is the remainder when 110624028 is divided by 136?
132
What is the remainder when 1005568 is divided by 30?
28
What is the remainder when 35036 is divided by 245?
1
What is the remainder when 16754317 is divided by 8?
5
What is the remainder when 124081 is divided by 30964?
225
What is the remainder when 4108110 is divided by 1369369?
3
What is the remainder when 6590987 is divided by 24778?
39
Calculate the remainder when 43570834 is divided by 2159.
55
What is the remainder when 58611 is divided by 14042?
2443
What is the remainder when 31735 is divided by 3156?
175
What is the remainder when 9740714 is divided by 4870352?
10
Calculate the remainder when 2119263 is divided by 6664.
111
Calculate the remainder when 679936 is divided by 187.
4
Calculate the remainder when 321644092 is divided by 8.
4
Calculate the remainder when 8312422 is divided by 957.
877
What is the remainder when 1009904 is divided by 126235?
24
Calculate the remainder when 193345 is divided by 193062.
283
What is the remainder when 1639188 is divided by 15761?
44
Calculate the remainder when 697954 is divided by 139585.
29
What is the remainder when 9408033 is divided by 455?
453
What is the remainder when 167445 is divided by 41847?
57
What is the remainder when 543432 is divided by 600?
432
What is the remainder when 42764550 is divided by 40?
30
What is the remainder when 31322 is divided by 2433?
2126
Calculate the remainder when 215500261 is divided by 3.
1
What is the remainder when 28583 is divided by 2?
1
What is the remainder when 364719 is divided by 91080?
399
What is the remainder when 780487 is divided by 6294?
31
Calculate the remainder when 59918 is divided by 2808.
950
What is the remainder when 149155 is divided by 47780?
5815
What is the remainder when 878932 is divided by 613?
503
What is the remainder when 19529773 is divided by 390595?
23
What is the remainder when 49420 is divided by 1670?
990
Calculate the remainder when 582917 is divided by 4944.
4469
Calculate the remainder when 68701620 is divided by 20984.
4
Calculate the remainder when 177769 is divided by 656.
649
What is the remainder when 3328461 is divided by 8384?
13
Calculate the remainder when 548675 is divided by 898.
895
Calculate the remainder when 36122 is divided by 17729.
664
Calculate the remainder when 9626841 is divided by 42.
21
Calculate the remainder when 1032875 is divided by 63.
53
Calculate the remainder when 117495458 is divided by 1623.
1619
What is the remainder when 119754 is divided by 2220?
2094
Calculate the remainder when 218022 is divided by 9477.
51
What is the remainder when 34268700 is divided by 16?
12
Calculate the remainder when 2017541 is divided by 1008764.
13
What is the remainder when 122983855 is divided by 16?
15
Calculate the remainder when 63079301 is divided by 9.
2
What is the remainder when 278525 is divided by 3671?
3200
Calculate the remainder when 20358312 is divided by 1156.
1152
What is the remainder when 554541 is divided by 409?
346
What is the remainder when 1999687 is divided by 181783?
74
What is the remainder when 1837901 is divided by 266?
107
Calculate the remainder when 177349 is divided by 15212.
10017
What is the remainder when 624119792 is divided by 41?
39
Calculate the remainder when 18432 is divided by 506.
216
Calculate the remainder when 186707 is divided by 732.
47
What is the remainder when 1165719 is divided by 52952?
775
What is the remainder when 7985773 is divided by 58?
43
What is the remainder when 588146 is divided by 36696?
1010
Calculate the remainder when 12368976 is divided by 53.
48
Calculate the remainder when 5552077 is divided by 13608.
13
Calculate the remainder when 180006 is divided by 25676.
274
Calculate the remainder when 3278193 is divided by 445.
323
What is the remainder when 33902 is divided by 1246?
260
What is the remainder when 196109 is divided by 2287?
1714
Calculate the remainder when 1940078 is divided by 64.
46
Calculate the remainder when 3479194 is divided by 80.
74
What is the remainder when 355643 is divided by 56?
43
What is the remainder when 148327 is divided by 1066?
153
What is the remainder when 8842339 is divided by 552643?
51
What is the remainder when 160194 is divided by 414?
390
Calculate the remainder when 18872357 is divided by 1887233.
27
Calculate the remainder when 24667 is divided by 20595.
4072
Calculate the remainder when 47826279 is divided by 641.
628
Calculate the remainder when 15967928 is divided by 15967912.
16
What is the remainder when 2459 is divided by 522?
371
Calculate the remainder when 2189172 is divided by 665.
657
Calculate the remainder when 2394804 is divided by 90.
84
Calculate the remainder when 12338465 is divided by 560839.
7
Calculate the remainder when 1516974 is divided by 19.
14
What is the remainder when 9340607 is divided by 520?
367
Calculate the remainder when 1679655 is divided by 839803.
49
What is the remainder when 523178 is divided by 23270?
11238
Calculate the remainder when 434016 is divided by 434005.
11
What is the remainder when 5774 is divided by 4906?
868
Calculate the remainder when 168877 is divided by 98.
23
Calculate the remainder when 39622 is divided by 19706.
210
Calculate the remainder when 71831547 is divided by 10.
7
Calculate the remainder when 1626989 is divided by 22915.
24
Calculate the remainder when 1154634 is divided by 1029.
96
What is the remainder when 612438 is divided by 617?
374
Calculate the remainder when 10680880 is divided by 82.
52
Calculate the remainder when 789927 is divided by 711.
6
What is the remainder when 894429 is divided by 701?
654
Calculate the remainder when 4805410 is divided by 24026.
210
What is the remainder when 1279219 is divided by 206?
165
Calculate the remainder when 206263 is divided by 5854.
1373
What is the remainder when 6263558 is divided by 3451?
3444
What is the remainder when 27607 is divided by 946?
173
What is the remainder when 109498 is divided by 2433?
13
What is the remainder when 28570116 is divided by 3838?
44
What is the remainder when 740732 is divided by 13717?
14
Calculate the remainder when 16165013 is divided by 419.
412
Calculate the remainder when 32352494 is divid